0100101
24344402 (base 6) to base 7
6411305
721596 (base 11) to base 3
2011212102002
-108988 (base 10) to base 13
-3a7b9
What is -44455202 (base 6) in base 4?
-11020121102
What is 879045 (base 15) in base 9?
13135172
520560 (base 7) to base 4
111300210
What is -1602578 (base 9) in base 2?
-11011000101101110101
Convert -2646d (base 14) to base 12.
-46601
12416412 (base 7) to base 5
242140413
-110110221222 (base 3) to base 15
-4cbb5
163671 (base 8) to base 16
e7b9
What is -305285 (base 10) in base 15?
-606c5
What is 2a17455 (base 11) in base 2?
10011110000001100010110
-203cb0 (base 13) to base 4
-2313123310
Convert -6a71f (base 16) to base 3.
-211011002010
Convert -14042110 (base 6) to base 3.
-212222202120
What is -554626a (base 11) in base 6?
-544313544
Convert 122ae0 (base 16) to base 8.
4425340
What is 7fa7fa (base 16) in base 5?
4120203244
Convert 1202022100110 (base 3) to base 11.
586685
What is 137583 (base 12) in base 4?
1033011303
2271712 (base 8) to base 5
124310331
What is 7c075 (base 16) in base 3?
221210212121
-135410054 (base 7) to base 5
-4234041333
Convert -132a70 (base 12) to base 6.
-10435020
45b2 (base 15) to base 5
433132
What is -33800a2 (base 12) in base 9?
-20513645
Convert -532335 (base 7) to base 4.
-112133001
What is -21100222002 (base 3) in base 2?
-100011011010010110
What is 133022020 (base 6) in base 15?
378d03
Convert -1b5156 (base 13) to base 10.
-696689
Convert -4244134121 (base 5) to base 15.
-bc40ab
Convert 120112212 (base 4) to base 6.
2045450
What is -48bc9e (base 16) in base 4?
-102023302132
What is 1111010110101011001001 (base 2) in base 11?
22aa081
42300300 (base 5) to base 7
3000511
What is -1333331011 (base 4) in base 15?
-a5451
Convert -2511123 (base 6) to base 15.
-29970
Convert 13302220123 (base 4) to base 10.
2042395
What is -20121101233 (base 4) in base 6?
-115100211
Convert -407747 (base 8) to base 7.
-1102001
Convert -37654 (base 8) to base 10.
-16300
What is -6335060 (base 9) in base 8?
-14733367
-222010020022212 (base 3) to base 4
-310330330220
What is -2954a9 (base 13) in base 2?
-11110110111011101011
Convert -100110120323 (base 4) to base 2.
-10000010100011000111011
Convert -1b16636 (base 14) to base 7.
-222522366
Convert 207485 (base 10) to base 5.
23114420
1100100100110011 (base 2) to base 14
14ab1
What is -1402343 (base 5) in base 10?
-28473
What is -110221201 (base 3) in base 6?
-111414
What is -11320230 (base 5) in base 2?
-11001011111111000
What is 9b984 (base 16) in base 6?
21354312
Convert 113301003 (base 5) to base 15.
a58d8
Convert 4300a (base 15) to base 12.
a3077
-1bd36c (base 16) to base 3
-10102122111121
Convert 23304202 (base 5) to base 7.
1545100
What is 44ab36 (base 13) in base 14?
303814
Convert 6baca (base 14) to base 11.
16a506
What is 70b04 (base 13) in base 10?
201790
What is 161b8b (base 12) in base 4?
1123331123
-66c3d (base 14) to base 3
-110200001211
What is -4123864 (base 11) in base 12?
-2531a88
-3618335 (base 11) to base 12
-2141847
-2547072 (base 9) to base 6
-45441015
-101212202102 (base 3) to base 7
-1551224
Convert -1131031303 (base 4) to base 16.
-5d373
What is a6552 (base 14) in base 16?
6210c
What is 4572203 (base 11) in base 12?
28179b9
What is -21011002100011 (base 3) in base 12?
-1333464
What is 122013320333 (base 4) in base 9?
13786688
Convert 650843 (base 9) to base 14.
a1470
-49242 (base 15) to base 10
-233387
Convert -2211377 (base 8) to base 12.
-248193
34773716 (base 8) to base 4
130333133032
What is -41911 (base 14) in base 11?
-a8937
Convert -46226 (base 14) to base 13.
-5c827
Convert -8a51 (base 12) to base 3.
-210000121
-512604 (base 8) to base 6
-3344004
-9ca16 (base 15) to base 4
-1321223130
799475 (base 12) to base 7
22346402
3a9762 (base 12) to base 2
11101100111011111010
What is -4150c3 (base 13) in base 6?
-52403341
-244447 (base 10) to base 4
-323223133
-1a839 (base 11) to base 14
-a7a9
Convert 3326097 (base 10) to base 11.
1971a45
Convert 47358 (base 14) to base 16.
2a5e2
What is 13665060 (base 7) in base 2?
100111011110010110111
What is -110553 (base 7) in base 9?
-28656
What is 552250 (base 8) in base 13?
66592
What is 100200011021 (base 3) in base 6?
4025224
Convert 915311a (base 11) to base 4.
331232302220
-3300444442 (base 5) to base 6
-411012224
Convert -8909a7 (base 13) to base 7.
-36306100
Convert 311000001 (base 4) to base 10.
217089
Convert -3c95 (base 14) to base 8.
-24733
Convert 66a642 (base 14) to base 8.
15230642
Convert 2250304 (base 6) to base 5.
12143311
Convert -809a62 (base 12) to base 16.
-1ea2aa
Convert 562587 (base 9) to base 16.
522a9
-243760 (base 9) to base 13
-51c93
16405 (base 9) to base 8
26000
31630 (base 13) to base 8
255545
What is -165ab0a (base 12) in base 6?
-242343214
What is 1132113212 (base 4) in base 13?
106c25
277256 (base 13) to base 14
1ad341
Convert -8712bc (base 13) to base 2.
-1100000110101001100001
What is -620421 (base 9) in base 10?
-367759
Convert -20021255 (base 6) to base 2.
-10001001011001100011
-2a37089 (base 11) to base 4
-103313032321
-107748a (base 11) to base 2
-111001011111100101011
407291 (base 13) to base 5
341013012
Convert -110536 (base 9) to base 2.
-10000001000000000
Convert -1101100001101011110 (base 2) to base 14.
-b7754
11111212210 (base 3) to base 16
15b13
-3570012 (base 8) to base 16
-ef00a
-132311130 (base 4) to base 9
-212223
Convert 12100212022 (base 3) to base 9.
170768
What is -1011011100110010101101 (base 2) in base 10?
-3001517
What is -4453622 (base 7) in base 5?
-120114133
-7752a (base 14) to base 15
-5aa0d
35664057 (base 8) to base 13
180cb61
Convert 43434 (base 8) to base 4.
10130130
What is 4115655 (base 7) in base 4?
1320011031
-336558 (base 10) to base 3
-122002200010
What is -3121016 (base 8) in base 9?
-1501618
Convert -102121211220 (base 3) to base 11.
-146996
Convert 6561b8 (base 13) to base 16.
2460c1
Convert 512232 (base 6) to base 15.
c0d5
-2265557 (base 10) to base 12
-913105
What is -7d8d3 (base 15) in base 11?
-253792
What is -5670524 (base 10) in base 7?
-66125066
Convert -305255411 (base 6) to base 12.
-1934567
Convert -4542ac (base 15) to base 4.
-30212310201
What is 1077654 (base 10) in base 9?
2022233
What is 4a50 (base 16) in base 4?
10221100
12021101112 (base 3) to base 13
3832a
What is -1377510 (base 9) in base 16?
-b98e0
Convert -8322474 (base 10) to base 15.
-ae5db9
Convert 10021001212100 (base 3) to base 11.
a84416
Convert 130230032013 (base 4) to base 5.
3411134114
Convert 1111100101101001110 (base 2) to base 12.
207726
Convert 867537 (base 9) to base 10.
517300
What is -270840 (base 12) in base 6?
-21445320
-1ada1 (base 14) to base 2
-10000101111000001
Convert 116c0b (base 13) to base 10.
415075
Convert -33586c (base 15) to base 10.
-2448777
What is 3173824 (base 9) in base 13?
4779c1
20132212 (base 4) to base 10
34726
-23204242 (base 5) to base 6
-4255551
What is 15664540 (base 9) in base 3?
112202011121100
4064031 (base 9) to base 13
5abaac
What is -123131131 (base 4) in base 3?
-12201021211
Convert -10100110101101110111011 (base 2) to base 14.
-a22c43
46064 (base 8) to base 10
19508
3371327 (base 8) to base 10
914135
Convert -131010100 (base 4) to base 12.
-58a94
1293a9 (base 11) to base 4
301200222
772888 (base 10) to base 2
10111100101100011000
Convert -1110001101010100000110 (base 2) to base 15.
-4d8885
-3607 (base 13) to base 11
-57a0
-616566 (base 9) to base 10
-365694
What is 131323152 (base 7) in base 10?
8409417
404421204 (base 5) to base 12
670555
Convert -1026234 (base 7) to base 13.
-44961
-21020222202 (base 3) to base 5
-14033002
Convert 7439351 (base 11) to base 8.
61764614
165475 (base 15) to base 2
100000111111010110010
-8b16fd (base 16) to base 13
-1b7202a
Convert 3411001 (base 9) to base 13.
4c4680
Convert -10010101001000101000011 (base 2) to base 6.
-252424151
Convert -3411235 (base 6) to base 7.
-1316303
Convert -30cac2 (base 13) to base 8.
-4266513
11110101001101011110 (base 2) to base 10
1004382
What is 102313110 (base 4) in base 6?
1353420
Convert 55433414 (base 6) to base 13.
465739
What is 41978 (base 13) in base 4?
130310231
What is -340034 (base 7) in base 9?
-101332
What is 139b85 (base 14) in base 12?
289661
111010011110101111 (base 2) to base 7
2015232
Convert 223244551 (base 6) to base 14.
7832b9
